en 10923 is divided by 2725.
23
Calculate the remainder when 11548574 is divided by 736.
734
What is the remainder when 52740 is divided by 17?
6
What is the remainder when 18138 is divided by 3586?
208
What is the remainder when 58200 is divided by 11?
10
Calculate the remainder when 4496 is divided by 72.
32
What is the remainder when 2363 is divided by 331?
46
What is the remainder when 299801 is divided by 99919?
44
Calculate the remainder when 6407 is divided by 492.
11
What is the remainder when 63386 is divided by 15846?
2
Calculate the remainder when 1856 is divided by 870.
116
Calculate the remainder when 260999 is divided by 723.
719
What is the remainder when 709041 is divided by 31?
9
Calculate the remainder when 2451 is divided by 55.
31
Calculate the remainder when 6302 is divided by 32.
30
Calculate the remainder when 696934 is divided by 568.
566
Calculate the remainder when 227715 is divided by 27.
24
Calculate the remainder when 79928 is divided by 17.
11
What is the remainder when 7662 is divided by 544?
46
What is the remainder when 3583 is divided by 597?
1
Calculate the remainder when 26131 is divided by 2372.
39
Calculate the remainder when 3222 is divided by 126.
72
What is the remainder when 29470 is divided by 292?
270
Calculate the remainder when 5770 is divided by 216.
154
Calculate the remainder when 52220 is divided by 190.
160
Calculate the remainder when 25310 is divided by 47.
24
Calculate the remainder when 2066 is divided by 500.
66
What is the remainder when 52406 is divided by 819?
809
What is the remainder when 44018 is divided by 11?
7
Calculate the remainder when 4713498 is divided by 20.
18
Calculate the remainder when 2864 is divided by 708.
32
Calculate the remainder when 202080 is divided by 40413.
15
What is the remainder when 110630 is divided by 145?
140
Calculate the remainder when 8172 is divided by 73.
69
What is the remainder when 93336 is divided by 30?
6
What is the remainder when 44746 is divided by 21?
16
What is the remainder when 11566 is divided by 2653?
954
Calculate the remainder when 6762 is divided by 5871.
891
Calculate the remainder when 14738 is divided by 735.
38
Calculate the remainder when 2740 is divided by 8.
4
What is the remainder when 6022 is divided by 1892?
346
What is the remainder when 7450 is divided by 1325?
825
What is the remainder when 52996 is divided by 17662?
10
What is the remainder when 226388 is divided by 113164?
60
What is the remainder when 394492 is divided by 131496?
4
What is the remainder when 105940 is divided by 1859?
1836
Calculate the remainder when 3875 is divided by 255.
50
What is the remainder when 3628 is divided by 1805?
18
Calculate the remainder when 22080 is divided by 253.
69
Calculate the remainder when 714110 is divided by 94.
86
Calculate the remainder when 25140 is divided by 1570.
20
What is the remainder when 262642 is divided by 87541?
19
What is the remainder when 1924 is divided by 180?
124
Calculate the remainder when 7247 is divided by 59.
49
What is the remainder when 1849 is divided by 431?
125
Calculate the remainder when 109953 is divided by 54971.
11
What is the remainder when 1478 is divided by 186?
176
What is the remainder when 17646 is divided by 8817?
12
What is the remainder when 11716 is divided by 557?
19
Calculate the remainder when 9178 is divided by 1515.
88
Calculate the remainder when 21600 is divided by 987.
873
Calculate the remainder when 7924 is divided by 26.
20
What is the remainder when 162109 is divided by 123?
118
What is the remainder when 2309 is divided by 47?
6
Calculate the remainder when 51188 is divided by 18.
14
Calculate the remainder when 119272 is divided by 19.
9
What is the remainder when 2689 is divided by 2665?
24
Calculate the remainder when 55354 is divided by 411.
280
What is the remainder when 12214 is divided by 580?
34
What is the remainder when 10427 is divided by 92?
31
What is the remainder when 4711 is divided by 153?
121
What is the remainder when 2959 is divided by 401?
152
Calculate the remainder when 2558 is divided by 432.
398
What is the remainder when 10573 is divided by 180?
133
What is the remainder when 4364 is divided by 242?
8
What is the remainder when 8110 is divided by 337?
22
What is the remainder when 25201 is divided by 263?
216
Calculate the remainder when 14582 is divided by 2907.
47
Calculate the remainder when 52131 is divided by 49.
44
Calculate the remainder when 33514 is divided by 196.
194
Calculate the remainder when 45804 is divided by 1994.
1936
Calculate the remainder when 30725 is divided by 72.
53
What is the remainder when 104804 is divided by 278?
276
Calculate the remainder when 773475 is divided by 1369.
1359
What is the remainder when 55847 is divided by 256?
39
What is the remainder when 905 is divided by 365?
175
Calculate the remainder when 15249 is divided by 686.
157
Calculate the remainder when 166252 is divided by 8.
4
Calculate the remainder when 4284 is divided by 385.
49
What is the remainder when 10039 is divided by 11?
7
Calculate the remainder when 190898 is divided by 10.
8
Calculate the remainder when 7327 is divided by 180.
127
What is the remainder when 14748 is divided by 417?
153
Calculate the remainder when 1059 is divided by 87.
15
Calculate the remainder when 1366 is divided by 441.
43
What is the remainder when 116597 is divided by 48?
5
Calculate the remainder when 13788 is divided by 626.
16
What is the remainder when 223048 is divided by 75?
73
Calculate the remainder when 169484 is divided by 997.
991
What is the remainder when 156857 is divided by 20?
17
Calculate the remainder when 170582 is divided by 14.
6
What is the remainder when 9179 is divided by 108?
107
Calculate the remainder when 1665 is divided by 542.
39
What is the remainder when 17846 is divided by 2971?
20
What is the remainder when 6289 is divided by 286?
283
What is the remainder when 784 is divided by 24?
16
Calculate the remainder when 273043 is divided by 136514.
15
What is the remainder when 6669 is divided by 49?
5
Calculate the remainder when 371221 is divided by 4821.
4
What is the remainder when 4116 is divided by 2?
0
Calculate the remainder when 647526 is divided by 17.
13
What is the remainder when 2211 is divided by 420?
111
What is the remainder when 8627 is divided by 117?
86
Calculate the remainder when 2450 is divided by 25.
0
Calculate the remainder when 195796 is divided by 55.
51
What is the remainder when 94431 is divided by 32?
31
Calculate the remainder when 1645 is divided by 328.
5
Calculate the remainder when 81073 is divided by 23.
21
What is the remainder when 5342010 is divided by 221?
219
Calculate the remainder when 3815 is divided by 1163.
326
What is the remainder when 259551 is divided by 51908?
11
Calculate the remainder when 34441 is divided by 34438.
3
Calculate the remainder when 53061 is divided by 53058.
3
Calculate the remainder when 9391870 is divided by 75.
70
Calculate the remainder when 150366 is divided by 25.
16
What is the remainder when 255997 is divided by 115?
7
Calculate the remainder when 1335 is divided by 477.
381
Calculate the remainder when 11480 is divided by 43.
42
Calculate the remainder when 51136 is divided by 16799.
739
Calculate the remainder when 451756 is divided by 112939.
0
Calculate the remainder when 793 is divided by 437.
356
Calculate the remainder when 32083 is divided by 24.
19
What is the remainder when 72447 is divided by 8?
7
Calculate the remainder when 37750 is divided by 286.
284
Calculate the remainder when 433294 is divided by 40.
14
What is the remainder when 357535 is divided by 32?
31
What is the remainder when 614 is divided by 446?
168
What is the remainder when 1928230 is divided by 474?
472
What is the remainder when 1002092 is divided by 29473?
10
What is the remainder when 55152 is divided by 1?
0
What is the remainder when 38606 is divided by 394?
388
Calculate the remainder when 2592 is divided by 159.
48
What is the remainder when 237 is divided by 120?
117
Calculate the remainder when 48 is divided by 22.
4
What is the remainder when 5212 is divided by 744?
4
What is the remainder when 7328 is divided by 1807?
100
What is the remainder when 2321